and 5184?
96
What is the highest common factor of 1806483 and 2352?
147
Calculate the highest common factor of 60 and 58273344.
12
Calculate the highest common factor of 971580 and 480.
60
What is the greatest common factor of 15298178 and 2987?
103
Calculate the greatest common factor of 164588333 and 273.
91
Calculate the greatest common factor of 11294652 and 8.
4
What is the highest common factor of 28 and 212862874?
14
Calculate the greatest common factor of 17 and 2523514.
17
Calculate the greatest common factor of 53 and 9326039.
53
Calculate the highest common divisor of 44 and 14564341.
11
What is the greatest common factor of 2463913034 and 22?
22
Calculate the highest common divisor of 1515 and 105015.
15
What is the greatest common factor of 52 and 901731766?
26
Calculate the greatest common divisor of 184454158 and 14.
14
Calculate the highest common factor of 17241167 and 1218.
29
What is the highest common factor of 4318 and 431579782?
4318
Calculate the greatest common divisor of 17 and 155238662.
17
What is the highest common factor of 294218888 and 568?
568
What is the greatest common divisor of 81059 and 372178714?
7369
What is the greatest common divisor of 110 and 11144606?
22
What is the highest common factor of 695541 and 2877?
21
Calculate the greatest common divisor of 749951 and 110717.
2089
What is the highest common divisor of 4832120 and 1498?
214
Calculate the highest common factor of 56084105 and 27797.
1463
What is the highest common factor of 549 and 11368326?
183
Calculate the greatest common divisor of 69732 and 951.
3
What is the highest common factor of 4112 and 1440999?
257
Calculate the greatest common divisor of 13593 and 1165341.
69
Calculate the greatest common factor of 2926 and 328691792.
418
What is the highest common divisor of 1195554 and 16?
2
What is the highest common factor of 24414797 and 187?
11
What is the highest common divisor of 55 and 66725989?
11
What is the greatest common divisor of 62804 and 2940?
28
What is the greatest common divisor of 8653119 and 102?
51
What is the greatest common divisor of 17812789 and 776?
97
What is the greatest common factor of 532 and 1771180?
76
Calculate the highest common factor of 10617894 and 257040.
2142
Calculate the greatest common factor of 47728 and 69616.
304
What is the highest common divisor of 6033820 and 91?
13
Calculate the greatest common divisor of 364 and 378469.
91
Calculate the highest common divisor of 12760 and 42047390.
3190
What is the highest common factor of 54 and 8624886?
6
What is the highest common divisor of 85650 and 1200?
150
Calculate the greatest common factor of 1015 and 378474824.
203
What is the greatest common divisor of 444 and 123064?
4
What is the greatest common divisor of 85815 and 26280?
45
Calculate the greatest common divisor of 840 and 5336520.
840
What is the greatest common divisor of 320 and 272817120?
160
What is the greatest common divisor of 24 and 229926468?
12
What is the highest common divisor of 290 and 52379365?
145
What is the greatest common factor of 520 and 243546134?
26
What is the highest common factor of 19214 and 1795031?
739
What is the greatest common factor of 5904 and 1203?
3
What is the greatest common divisor of 71732 and 11376?
316
What is the highest common factor of 274384 and 2639387?
1559
Calculate the greatest common divisor of 7720 and 92490.
10
What is the greatest common factor of 37688028 and 1764?
84
Calculate the highest common factor of 204 and 13250888.
68
What is the highest common factor of 12699 and 2177173?
1411
What is the highest common divisor of 368212 and 1326?
26
What is the greatest common factor of 108 and 10951596?
36
What is the greatest common factor of 2736771 and 13344?
417
Calculate the highest common factor of 39735 and 1893.
3
Calculate the greatest common factor of 35851788 and 2115.
423
What is the greatest common factor of 79758181 and 2391?
797
Calculate the greatest common factor of 7724 and 62428.
4
What is the greatest common factor of 4393 and 1372870?
23
Calculate the greatest common divisor of 390719 and 1169.
7
What is the highest common divisor of 17562120 and 7688?
248
What is the greatest common factor of 49105 and 1886115?
805
Calculate the highest common factor of 179449 and 33499.
139
What is the greatest common divisor of 764771320 and 478?
478
What is the greatest common factor of 186348 and 11810244?
3516
What is the greatest common divisor of 1404 and 58404580?
52
Calculate the highest common factor of 16812747 and 17388.
1449
Calculate the greatest common divisor of 3907259 and 2512.
157
Calculate the highest common divisor of 94753049 and 1016.
127
Calculate the highest common divisor of 224 and 52346.
14
Calculate the greatest common factor of 134793 and 4743.
153
Calculate the greatest common divisor of 3690 and 16755470.
410
Calculate the highest common factor of 19729 and 1106459.
109
Calculate the highest common divisor of 925 and 8680.
5
What is the highest common factor of 124 and 4402341?
31
Calculate the highest common factor of 905964 and 71436.
12
What is the greatest common factor of 455488 and 1310822?
1294
Calculate the highest common divisor of 279210 and 446490.
1230
Calculate the highest common factor of 412403 and 2854.
1427
What is the highest common factor of 5953464 and 12672?
792
Calculate the greatest common factor of 139129 and 337565.
373
Calculate the highest common factor of 14967156 and 144.
12
Calculate the highest common factor of 44438 and 58004.
34
Calculate the greatest common factor of 100 and 5778450.
50
What is the highest common divisor of 1140088 and 272700?
404
What is the greatest common factor of 80973092 and 932?
932
Calculate the greatest common divisor of 6669 and 3405294.
513
Calculate the greatest common factor of 121549 and 59100.
197
Calculate the greatest common divisor of 90795719 and 879.
293
Calculate the greatest common divisor of 17 and 39751967.
17
What is the greatest common factor of 758637 and 255486?
2607
Calculate the greatest common factor of 263874 and 386087.
221
What is the highest common divisor of 539 and 28264082?
539
Calculate the highest common factor of 337540 and 320.
20
Calculate the highest common factor of 2358216 and 8379.
63
Calculate the greatest common factor of 1542510 and 316390.
290
Calculate the highest common factor of 86780532 and 8870.
1774
Calculate the highest common factor of 149842 and 23166.
22
Calculate the highest common divisor of 780019 and 6283.
103
What is the highest common factor of 46625902 and 424?
106
Calculate the highest common divisor of 46136232 and 102.
102
What is the highest common factor of 61025645 and 20220?
1685
What is the highest common divisor of 5 and 5602745?
5
What is the highest common factor of 848744 and 29770?
26
What is the greatest common factor of 25530 and 353280?
690
Calculate the highest common divisor of 9936 and 279828.
108
Calculate the greatest common factor of 528 and 1603096.
88
Calculate the highest common factor of 63 and 941224221.
63
What is the highest common divisor of 632661159 and 2027?
2027
What is the highest common divisor of 3930 and 69641565?
1965
Calculate the greatest common factor of 8683845 and 15.
15
What is the highest common factor of 339003 and 189063?
63
What is the greatest common factor of 69278 and 253459861?
3149
What is the highest common divisor of 307670 and 120945?
55
Calculate the highest common divisor of 312 and 7989501.
39
What is the greatest common factor of 9000 and 99192?
24
What is the greatest common divisor of 673402 and 218?
218
Calculate the highest common factor of 225 and 37549550.
25
What is the greatest common factor of 3485154 and 24?
6
Calculate the highest common factor of 8772352 and 128.
128
What is the highest common divisor of 30033835 and 3380?
845
Calculate the highest common factor of 5432 and 2883616.
776
Calculate the greatest common divisor of 1403 and 4456965.
61
What is the highest common factor of 989934 and 99110?
1166
Calculate the greatest common divisor of 75311 and 138169.
593
Calculate the greatest common factor of 456950 and 50690.
370
What is the highest common factor of 3223328 and 108?
4
What is the highest common divi